(-4). Give a(f).
-2
Let j(f) = f**3 + 3*f**2 - 4*f. Suppose -y + 5 = -0*y. Suppose -2*h = -6, -4*h = -y*p + 10 - 2. Let k(d) = -d**2 + 4*d - 4. Let n be k(p). Determine j(n).
0
Let z = -7 + 5. Let n be (9/18)/(1/2). Let x(h) = 0*h - 2 + n - h - 1. What is x(z)?
0
Suppose i - 6*i = 10. Let j be (-5)/i*(2 + 0). Let r = -10 + j. Let w(o) = o**2 + 4*o - 5. What is w(r)?
0
Let d(n) be the second derivative of n**4/12 - 3*n**2/2 - 28*n. What is d(-3)?
6
Let a(w) = w**2 - 4*w + 4. Suppose 0*q = -4*q + 8. Let l(r) = 2*r - 5. Let d be l(9). Suppose -5*i + q = -d. Calculate a(i).
1
Let y(c) = c + 2 - 5*c**3 - 3 + 12*c**3. Let o(d) = d + 10. Let z be o(-10). Let q be 2 - (1 - z)*1. What is y(q)?
7
Let v(x) = 8*x - 1. Suppose 10 = 5*q - 0. Suppose -4*r + 0 - 17 = -5*c, q*r + 2 = -4*c. What is v(c)?
7
Let d = -10 + 4. Let n(l) = -l - 2. Let z(s) = -s + 2. Let b(o) = 2*o - 1. Let r(w) = -4*b(w) - 5*z(w). Let p(a) = 8*n(a) - 3*r(a). Determine p(d).
-4
Let w(b) = -b**3 + 6*b**2 - 6*b. Suppose -3 = -2*y + 5. Suppose 4*u = -y*t + 76, 1 = -2*u - t + 43. Suppose u - 3 = 5*k. Determine w(k).
8
Let l(a) = 9*a**2 - a. Let q be (-4)/(-16)*-2*-2. Give l(q).
8
Let b(t) = 2*t - 5*t + 0*t - 1 - 1. Let w = 43 + -41. Give b(w).
-8
Suppose -14*v = 12 - 54. Let p(g) = -g**3 + 2*g**2 + g. Calculate p(v).
-6
Let w = 4 + -4. Let u(y) be the second derivative of -y**5/20 - y**4/12 + 3*y**2 - 2*y. What is u(w)?
6
Let s(a) = a**2 + a. Let k(d) = -7*d**2 - 2*d + 1. Let m(z) = -k(z) - 2*s(z). What is m(1)?
4
Let x(j) be the third derivative of j**6/120 - j**5/12 - j**4/6 + 7*j**3/6 - j**2. Determine x(5).
-13
Suppose -4*g + 3*g = 4. Let x(u) = -2*u + 1. Give x(g).
9
Suppose -g = -3*z + 11, 5*z + 12 = 3*g + 37. Let o(s) = -69*s**3 + 70*s**3 + 0 - 2 - 4*s**z - 6*s. Calculate o(5).
-7
Let w(v) = -2*v**2 - v + 1. Suppose 6*u - 3*u + o = 1, -u - 5*o - 9 = 0. Give w(u).
-2
Let t(b) = -10*b + 1. Let j(k) = k - 1. Let w(y) = 3*j(y) + t(y). What is w(-2)?
12
Let p(q) = -2*q**2 + 2*q - 3. Suppose -4 = -2*v - 0*v. Let h = 7 - v. Let d = -3 + h. Determine p(d).
-7
Suppose 5*j = 7*l - 3*l + 13, 3*l = -4*j - 2. Let v(q) = 3*q - j + 1 - q**3 + 2*q**2 + 2. Let u(m) = m**2 + 10*m + 12. Let d be u(-9). Determine v(d).
2
Suppose 2*k + 3 - 13 = 0. Let n(d) = d**2 - 3*d - 4. What is n(k)?
6
Suppose -3*w + 8*g - 3*g + 35 = 0, -4*g + 4 = 4*w. Let d(f) = -f**3 + 4*f**2 + 3*f + 1. Determine d(w).
-9
Let n(y) = 9*y**2 - 7*y + 8. Let c(f) = 20*f**2 - 14*f + 16. Let t(i) = -4*c(i) + 9*n(i). Give t(6).
2
Let b(t) = -t + 4. Let p(z) be the third derivative of -1/3*z**3 + 0*z + 2*z**2 + 0 - 1/24*z**4. Let x be p(-7). Give b(x).
-1
Suppose 2*f + f - 15 = 0. Suppose 5*n - d = -25, -2*n + 2*d - 5 - f = 0. Let t(h) = -h**2 - 6*h - 4. What is t(n)?
1
Let y(r) be the third derivative of -1/6*r**4 + 1/6*r**3 + 1/15*r**5 + 0 + 5*r**2 + 0*r - 1/120*r**6. Suppose -3*z = f - 15, 0*z - 5*z + 20 = 0. Determine y(f).
-2
Suppose 0 = -g - 4*u - 21, 4*g + 57 = -5*u + 17. Let c(i) = i**2 + 3*i - 3. Calculate c(g).
7
Let n be (-1 + -2 + 1)*-2. Suppose 0 = n*d - 0*d. Suppose -3*m + 4 - 7 = d. Let c(p) = 7*p**3 + p**2 + p. Determine c(m).
-7
Let q = 77 + -72. Let s(t) = -t**3 + 4*t**2 + 6*t + 2. What is s(q)?
7
Let n(y) be the third derivative of 0*y + 4*y**2 - 1/120*y**6 + 0 - 4/3*y**3 + 1/24*y**4 + 0*y**5. Let u be 0/(3/(5 + -2)). What is n(u)?
-8
Suppose 2*i - 12 = -2*i. Let w(q) = q**3 - 2 + 4*q**2 - 2*q**3 - i*q + 1 + 6. What is w(4)?
-7
Let l be 77/(-21) + (-2)/6. Let y(r) = -r. What is y(l)?
4
Let j(d) = d**3 - 6*d**2 + 6*d + 4. Suppose -39 = -3*g + 6. Let v(b) = -b**3 + 5*b**2 + 4*b + 2. Let z be v(6). Let w = g + z. What is j(w)?
9
Suppose -6*h + 19 - 1 = 0. Let q(y) = h*y + y - 7 - 3*y + 6. Give q(-3).
-4
Let a(r) be the first derivative of -11*r**2/2 + 31. Determine a(2).
-22
Let s(p) be the first derivative of -p**4/4 - 7*p**3/3 - 4*p**2 - 7*p - 28. Give s(-6).
5
Let y(f) = 4*f. Let p = 4 - 1. Let c be (1 + 2)*(-1)/p. Calculate y(c).
-4
Let k(b) = -b**3 - 6*b**2 - 4*b - 3. Let p be ((-3)/6)/(2/20). Determine k(p).
-8
Let y(s) = -3*s**2 + 3*s - 2. Let p = -19 + 21. Determine y(p).
-8
Let n(p) be the third derivative of p**6/120 - p**5/20 - p**4/24 + p**3/3 + 3*p**2 + 3*p. Calculate n(3).
-1
Let r(j) be the first derivative of -j**4/4 + 2*j**3 - 5*j**2/2 - 3*j - 2. Suppose x = 3*n + 2, -4*x + 0*n - 5 = n. Let i be (x/(-3))/((-4)/(-60)). Give r(i).
-3
Let b be (-2 - 0) + 3/2*2. Let d(y) = -7*y + 1. Determine d(b).
-6
Let s(c) = -c**3 + 5*c**2 - 3. Let y be s(4). Let a(n) = -n**2 - 7 + 0*n**2 + y. Calculate a(0).
6
Let y(p) be the second derivative of -p**4/12 - p**3 + 5*p**2/2 + 5*p. Give y(-7).
-2
Let h(v) = v**3 - 4*v**2 + 8*v + 7. Let t(l) = l + 1. Let j(n) = -h(n) + 5*t(n). Let z(f) = f**3 - 12*f**2 - f + 15. Let x be z(12). Give j(x).
-2
Let a(s) = 5*s + 7. Let v(j) = j. Let p(y) = a(y) - 4*v(y). Determine p(-5).
2
Let g(j) = -j - 4. Let w(t) = -t**3 - 3*t**2 + 11*t + 1. Let d be w(-5). Calculate g(d).
0
Let z(b) = -b - 10. Let m(l) = l**3 - 3*l**2 - 5*l - 2. Let n = 25 + -21. Let p be m(n). Calculate z(p).
-4
Let i(z) = z**2 - z + 1. Let w(t) = -3*t**2 + 4*t - 5. Let k(a) = -5*i(a) - w(a). Give k(1).
-1
Let o(z) be the third derivative of 0 + 1/15*z**5 - 5/24*z**4 - 4*z**2 + 1/120*z**6 + 7/6*z**3 + 0*z. Suppose -3*w + w = 10. Determine o(w).
7
Let z(k) = -1 + 10*k + 6*k**2 + 0 - 1. Let a(s) = -5*s**2 - 9*s + 1. Let q(y) = 7*a(y) + 6*z(y). Give q(6).
13
Let h be (-4)/18 + 188/36. Let p(o) = 0 + h*o**2 + 4*o + 1 - 2*o**2 - 4*o**2. Let w = 6 + -2. What is p(w)?
1
Let a(r) = -90*r**2 - 93*r**2 + 182*r**2 - 3 + 6*r. Give a(6).
-3
Let y = -23 - -23. Let j(p) = p + 8. Give j(y).
8
Let x(r) = r**2 - 7*r - 7. Suppose 5*h - 11 = 24. Determine x(h).
-7
Let z(q) = -q - 7. Let d be 0*(-3)/(-12)*-2. What is z(d)?
-7
Let g = 4 - 0. Let c(d) = 2*d**2 + 7*d + 7. Let q(p) = p**2 + 4*p + 4. Let a(z) = g*c(z) - 7*q(z). Let b = -1 - 0. Calculate a(b).
1
Let y(a) = a + 5. Let u be y(-5). Let z(i) = -3*i**2 + 6*i + u*i + 4*i**2 + 6. Suppose -4*v + 6 + 3 = 5*s, -3*v - 17 = -s. Give z(v).
-2
Let m = -8 - -3. Let y(i) = 5*i - 4. Let g(k) = k. Let a(z) = -10*z + 3. Let c(l) = a(l) + 6*g(l). Let x(w) = -6*c(w) - 5*y(w). Determine x(m).
7
Suppose 0 = -u - 3*u + 24. Let d(i) = i**3 - 5*i**2 - 7*i + 2. Determine d(u).
-4
Suppose 0 = -4*h - 0*h. Let p(o) = -o**2 + o - 5. Calculate p(h).
-5
Let a be ((-1)/(-3))/(3/(-45)). Let s be (2/a)/(-1)*10. Let b(f) = -f + 3. What is b(s)?
-1
Suppose -3*s - 4*a + 0 = -1, -a + 1 = 0. Let g(k) = k - 1. Determine g(s).
-2
Suppose 0*v + 4*f + 2 = 3*v, 4*f = -4*v - 44. Let w be v/2 + (5 - 8). Let p(s) = s + 3. Determine p(w).
-3
Let v(t) = -t**3 + t - 1. Let a = 0 + 2. Suppose 4*q + 5*k = -17, -a*q + k = q - 11. Give v(q).
-7
Let y(o) = -o**3 + 7*o**2 - 5*o - 6. Let g(z) = 2*z + 18. Let u be g(-6). Give y(u).
0
Let c(f) be the first derivative of f**4/4 - 2*f**2 + 3*f - 7. Give c(2).
3
Let u(g) = -3*g - 4*g**2 + 5*g**2 + 2*g**2 - 1 - 4*g**2. Give u(-5).
-11
Let r(v) = v**2 - 9*v - 4. Let n(x) = x - 1. Let k(l) = 3*n(l) + r(l). Calculate k(6).
-7
Let r(o) = -o - 4. Let b(x) = -2*x - 8. Let w(f) = 4*b(f) - 7*r(f). Determine w(7).
-11
Let g(u) be the third derivative of 1/6*u**3 + 1/840*u**7 - 1/360*u**6 + 0*u**5 + 0 + 0*u - u**2 + 0*u**4. Let x(b) be the first derivative of g(b). Give x(1).
0
Let t(u) be the first derivative of u**4/4 + u**3 + u**2/2 - 2*u - 1. Let g be t(-2). Let c(z) = -z**2 - z + 9. Give c(g).
9
Let k(z) = -3*z - 1. Suppose -2*o = -6*o. Let a = -2 - o. Determine k(a).
5
Let h(m) = 5 - 7 + 5*m - 4*m. Calculate h(2).
0
Suppose 2*j = -3*q - 15, q + 12 = -2*j - q. Let i(b) = -1 + 1 - 5*b + 0*b**3 - 4*b**2 - 4 - b**3. Determine i(j).
2
Let f(v) = -5*v + 1. Suppose -l - 2 = -3. Determine f(l).
-4
Let n be 10/(-5)*1*2. Let t be 24/n*(-1)/2. Suppose -t = -c - 0*c. Let m(y) = -y**2 + 2*y - 3. Determine m(c).
-6
Let y(k) = -k**2 - 2*k - 1. Let z(i) = -i**2 - i + 2. Let d be z(3). Let v = 5 + d. Let q be (-1 - -2) + 1 + v. What is y(q)?
-4
Let t(f) = -f**3 - f**2. Suppose -3*u + 1 = -2*v, -6*v = -2*v + 4*u - 28. Let g be 4*(3 - v) - -3. Calculate t(g).
0
Let z(w) be the second derivative of -w**7/840 - w**5/120 + 7*w**4/24 - w**3/3 + w. Let p(t) be the second derivative of z(t). Determine p(0).
7
Let o(j) 